and 85.
17
What is the highest common factor of 754 and 26?
26
Calculate the highest common factor of 3078 and 152.
38
What is the greatest common factor of 627 and 132?
33
What is the highest common factor of 174 and 12?
6
What is the highest common factor of 543 and 21?
3
Calculate the greatest common divisor of 4 and 6548.
4
Calculate the highest common factor of 429 and 528.
33
Calculate the highest common factor of 55 and 11440.
55
What is the greatest common factor of 104 and 280?
8
Calculate the highest common factor of 45 and 2151.
9
Calculate the highest common divisor of 153 and 9.
9
Calculate the highest common divisor of 8 and 8764.
4
What is the highest common factor of 1455 and 195?
15
What is the highest common factor of 1968 and 4?
4
Calculate the greatest common factor of 12 and 852.
12
Calculate the greatest common factor of 11 and 1782.
11
What is the highest common divisor of 258 and 18?
6
Calculate the greatest common factor of 115 and 15.
5
What is the greatest common divisor of 118773 and 83?
83
Calculate the highest common factor of 170 and 5134.
34
What is the greatest common factor of 1055 and 1?
1
Calculate the greatest common factor of 79 and 1027.
79
Calculate the highest common factor of 36 and 8.
4
What is the greatest common divisor of 63 and 308?
7
What is the greatest common divisor of 68 and 7718?
34
What is the greatest common divisor of 75 and 625?
25
Calculate the greatest common divisor of 148 and 1406.
74
Calculate the highest common divisor of 90 and 170.
10
What is the greatest common divisor of 74 and 5254?
74
Calculate the highest common factor of 12 and 48.
12
Calculate the highest common factor of 392 and 1666.
98
Calculate the highest common factor of 24 and 15612.
12
Calculate the highest common factor of 34 and 459.
17
What is the greatest common divisor of 404 and 2929?
101
What is the greatest common divisor of 702 and 45?
9
What is the greatest common factor of 30 and 30390?
30
Calculate the highest common factor of 13 and 10777.
13
What is the greatest common factor of 54 and 1566?
54
Calculate the highest common factor of 875 and 50.
25
What is the highest common factor of 11 and 209?
11
What is the greatest common divisor of 30 and 10?
10
What is the greatest common divisor of 730 and 1898?
146
Calculate the highest common divisor of 1330 and 6840.
190
Calculate the highest common factor of 100 and 325.
25
What is the greatest common divisor of 256 and 288?
32
Calculate the greatest common divisor of 3008 and 7896.
376
What is the highest common factor of 2960 and 320?
80
Calculate the greatest common divisor of 45 and 465.
15
What is the greatest common divisor of 494 and 114?
38
Calculate the greatest common divisor of 114 and 190.
38
What is the greatest common divisor of 492 and 12?
12
Calculate the highest common factor of 80 and 4720.
80
What is the greatest common divisor of 19 and 17?
1
Calculate the highest common factor of 451 and 41.
41
Calculate the greatest common divisor of 325 and 13.
13
What is the highest common factor of 21 and 21?
21
Calculate the highest common factor of 599 and 7.
1
Calculate the highest common factor of 11 and 76901.
11
What is the highest common divisor of 21 and 525?
21
What is the highest common factor of 5454 and 270?
54
What is the greatest common factor of 833 and 98?
49
Calculate the greatest common divisor of 99 and 847.
11
What is the greatest common divisor of 1305 and 4959?
261
Calculate the highest common factor of 3 and 39.
3
What is the highest common divisor of 82 and 5494?
82
Calculate the highest common factor of 924 and 60.
12
What is the highest common divisor of 54 and 14?
2
Calculate the greatest common factor of 1221 and 185.
37
What is the greatest common factor of 72 and 72648?
72
What is the greatest common divisor of 44392 and 16?
8
What is the greatest common divisor of 975 and 50?
25
What is the greatest common factor of 24 and 696?
24
Calculate the greatest common factor of 294 and 6.
6
What is the highest common factor of 892 and 2?
2
What is the highest common factor of 2499 and 9408?
147
Calculate the greatest common divisor of 7983 and 9.
9
What is the greatest common divisor of 37 and 185?
37
What is the highest common factor of 96 and 312?
24
Calculate the highest common divisor of 7 and 1253.
7
What is the highest common factor of 935 and 880?
55
Calculate the greatest common divisor of 56 and 154.
14
Calculate the highest common divisor of 2373 and 294.
21
What is the highest common divisor of 440 and 40?
40
Calculate the greatest common divisor of 387 and 10578.
129
What is the highest common divisor of 88 and 286?
22
Calculate the greatest common divisor of 2 and 37.
1
Calculate the highest common factor of 15 and 1165.
5
Calculate the greatest common divisor of 6493 and 43.
43
Calculate the highest common factor of 35838 and 362.
362
What is the highest common factor of 16 and 74?
2
What is the highest common factor of 69 and 276?
69
What is the greatest common factor of 187 and 969?
17
Calculate the highest common factor of 14 and 17045.
7
Calculate the highest common factor of 732 and 61.
61
Calculate the highest common divisor of 35 and 945.
35
What is the greatest common divisor of 158 and 230?
2
Calculate the greatest common factor of 270 and 1566.
54
What is the highest common factor of 576 and 48672?
288
Calculate the highest common factor of 6052 and 68.
68
What is the highest common divisor of 385 and 105?
35
What is the greatest common divisor of 42 and 1134?
42
Calculate the highest common factor of 27 and 6642.
27
What is the highest common factor of 404 and 4646?
202
What is the greatest common factor of 1 and 37?
1
What is the greatest common divisor of 8043 and 21?
21
What is the highest common divisor of 2592 and 24?
24
Calculate the highest common factor of 1290 and 172.
86
What is the greatest common divisor of 175 and 100?
25
What is the greatest common factor of 35808 and 12?
12
What is the highest common factor of 5 and 2005?
5
What is the greatest common divisor of 20 and 1620?
20
What is the highest common factor of 108 and 90?
18
What is the highest common divisor of 41 and 451?
41
What is the greatest common divisor of 32 and 6176?
32
What is the greatest common factor of 517 and 363?
11
What is the greatest common factor of 530 and 10?
10
Calculate the greatest common divisor of 74 and 6290.
74
Calculate the greatest common divisor of 9 and 12.
3
What is the greatest common factor of 330 and 210?
30
Calculate the highest common divisor of 5 and 755.
5
Calculate the highest common divisor of 836 and 352.
44
Calculate the highest common factor of 1365 and 105.
105
What is the highest common factor of 12 and 708?
12
What is the greatest common factor of 22 and 22?
22
Calculate the greatest common divisor of 986 and 102.
34
Calculate the highest common factor of 78 and 42.
6
What is the greatest common factor of 308 and 539?
77
What is the highest common divisor of 897 and 69?
69
Calculate the greatest common divisor of 1248 and 104.
104
What is the highest common factor of 96 and 48?
48
Calculate the greatest common divisor of 901 and 34.
17
What is the highest common divisor of 23 and 38341?
23
Calculate the greatest common divisor of 432 and 4428.
108
What is the highest common divisor of 624 and 60?
12
Calculate the greatest common factor of 13 and 481.
13
What is the highest common factor of 43 and 65833?
43
Calculate the greatest common factor of 558 and 7626.
186
Calculate the highest common divisor of 186 and 248.
62
Calculate the highest common factor of 2257 and 1073.
37
Calculate the greatest common factor of 5505 and 15.
15
What is the highest common factor of 70 and 315?
35
What is the greatest common factor of 6177 and 232?
29
Calculate the highest common divisor of 275 and 125.
25
Calculate the greatest common divisor of 288 and 9.
9
What is the greatest common factor of 29 and 50489?
29
Calculate the greatest common divisor of 1162 and 42.
14
Calculate the greatest common factor of 1141 and 163.
163
What is the highest common factor of 47 and 893?
47
Calculate the highest common factor of 4 and 70.
2
Calculate the highest common divisor of 67 and 3082.
67
Calculate the 